{"id":14,"date":"2020-01-15T11:20:52","date_gmt":"2020-01-15T13:20:52","guid":{"rendered":"http:\/\/cidadania.sorocaba.sp.gov.br\/lideranca\/?page_id=14"},"modified":"2024-04-23T09:41:05","modified_gmt":"2024-04-23T12:41:05","slug":"associacoes-comunitarias-cadastradas","status":"publish","type":"page","link":"https:\/\/cidadania.sorocaba.sp.gov.br\/lideranca\/associacoes-comunitarias-cadastradas\/","title":{"rendered":"Associa\u00e7\u00f5es Comunit\u00e1rias cadastradas"},"content":{"rendered":"<p>Consulte <a href=\"https:\/\/docs.google.com\/spreadsheets\/d\/1Ztw5MG8ogRljNVMI2-qhO1ZCPFLO9E-XLJfvB5t4hMs\/edit#gid=498510080\">aqui<\/a> o cadastro das Associa\u00e7\u00f5es Comunit\u00e1rias ou\u00a0\u00a0https:\/\/docs.google.com\/spreadsheets\/d\/1Ztw5MG8ogRljNVMI2-qhO1ZCPFLO9E-XLJfvB5t4hMs\/edit#gid=498510080<\/p>\n","protected":false},"excerpt":{"rendered":"<p>Consulte aqui o cadastro das Associa\u00e7\u00f5es Comunit\u00e1rias ou\u00a0\u00a0https:\/\/docs.google.com\/spreadsheets\/d\/1Ztw5MG8ogRljNVMI2-qhO1ZCPFLO9E-XLJfvB5t4hMs\/edit#gid=498510080<\/p>\n","protected":false},"author":15,"featured_media":0,"parent":0,"menu_order":0,"comment_status":"closed","ping_status":"closed","template":"page-subsite-menu.php","meta":{"footnotes":""},"class_list":["post-14","page","type-page","status-publish","hentry"],"_links":{"self":[{"href":"https:\/\/cidadania.sorocaba.sp.gov.br\/lideranca\/wp-json\/wp\/v2\/pages\/14","targetHints":{"allow":["GET"]}}],"collection":[{"href":"https:\/\/cidadania.sorocaba.sp.gov.br\/lideranca\/wp-json\/wp\/v2\/pages"}],"about":[{"href":"https:\/\/cidadania.sorocaba.sp.gov.br\/lideranca\/wp-json\/wp\/v2\/types\/page"}],"author":[{"embeddable":true,"href":"https:\/\/cidadania.sorocaba.sp.gov.br\/lideranca\/wp-json\/wp\/v2\/users\/15"}],"replies":[{"embeddable":true,"href":"https:\/\/cidadania.sorocaba.sp.gov.br\/lideranca\/wp-json\/wp\/v2\/comments?post=14"}],"version-history":[{"count":2,"href":"https:\/\/cidadania.sorocaba.sp.gov.br\/lideranca\/wp-json\/wp\/v2\/pages\/14\/revisions"}],"predecessor-version":[{"id":33,"href":"https:\/\/cidadania.sorocaba.sp.gov.br\/lideranca\/wp-json\/wp\/v2\/pages\/14\/revisions\/33"}],"wp:attachment":[{"href":"https:\/\/cidadania.sorocaba.sp.gov.br\/lideranca\/wp-json\/wp\/v2\/media?parent=14"}],"curies":[{"name":"wp","href":"https:\/\/api.w.org\/{rel}","templated":true}]}}